{"id":153,"date":"2024-06-05T18:41:15","date_gmt":"2024-06-05T18:41:15","guid":{"rendered":"https:\/\/www.quintadaspalmeiras.pt\/portal1\/?page_id=153"},"modified":"2024-09-03T09:37:19","modified_gmt":"2024-09-03T09:37:19","slug":"avaliacao-externa","status":"publish","type":"page","link":"https:\/\/www.quintadaspalmeiras.pt\/portal1\/avaliacao-externa\/","title":{"rendered":"Avalia\u00e7\u00e3o Externa"},"content":{"rendered":"\n  \n    \n    <section class=\"u-align-center u-clearfix u-container-align-center u-section-2\" id=\"sec-f487\">\n      <div class=\"u-clearfix u-sheet u-sheet-1\">\n        <h2 class=\"u-text u-text-default u-text-1\">Avalia\u00e7\u00e3o Externa<\/h2>\n        <div class=\"u-expanded-width u-list u-list-1\">\n          <div class=\"u-repeater u-repeater-1\">\n            <div class=\"u-container-style u-list-item u-repeater-item\">\n              <div class=\"u-container-layout u-similar-container u-container-layout-1\">\n                <h3 class=\"u-align-center u-custom-item u-text u-text-2\">3\u00aa Avalia\u00e7\u00e3o Externa&nbsp; - 2023\/2024<\/h3>\n                <p class=\"u-align-justify u-custom-item u-text u-text-palette-1-base u-text-3\">\n                  <a class=\"u-active-none u-border-none u-btn u-button-link u-button-style u-file-link u-hover-none u-none u-text-palette-1-base u-btn-1\" href=\"https:\/\/www.quintadaspalmeiras.pt\/portal1\/wp-content\/uploads\/2024\/09\/RelatorioAvaliacaoExternadasEscolas20232024.pdf\"> Dom\u00ednios&nbsp;do quadro de refer\u00eancia \/ Avalia\u00e7\u00e3o:<br>\n                    <br>Autoavalia\u00e7\u00e3o - EXCELENTE<br>Lideran\u00e7a e Gest\u00e3o - EXCELENTE<br>Presta\u00e7\u00e3o do Servi\u00e7o Educativo - EXCELENTE<br>Resultados&nbsp; - EXCELENTE<br>\n                    <br>Relat\u00f3rio: Clique aqui...\n                  <\/a>\n                <\/p>\n                <div class=\"u-border-2 u-border-grey-dark-1 u-line u-line-horizontal u-line-1\"><\/div>\n              <\/div>\n            <\/div>\n            <div class=\"u-container-style u-list-item u-repeater-item\">\n              <div class=\"u-container-layout u-similar-container u-container-layout-2\">\n                <h3 class=\"u-align-center u-custom-item u-text u-text-4\">2\u00aa Avalia\u00e7\u00e3o Externa&nbsp; - 2011\/2012<\/h3>\n                <p class=\"u-align-justify u-custom-item u-text u-text-palette-1-base u-text-5\">\n                  <a href=\"http:\/\/infoescolas.medu.pt\/?code=503865&amp;nivel=3\" target=\"_blank\" rel=\"noopener noreferrer\" class=\"u-active-none u-border-none u-btn u-button-style u-hover-none u-none u-text-palette-1-base u-btn-2\"><\/a> Dom\u00ednios&nbsp;do quadro de refer\u00eancia \/ Avalia\u00e7\u00e3o:<br>\n                  <br> - I \u2013 Resultados: (Resultados Acad\u00e9micos; Resultados Sociais e Reconhecimento da Comunidade) -&nbsp;Muito Bom<br>- II \u2013 Presta\u00e7\u00e3o do Servi\u00e7o Educativo: (Planeamento e articula\u00e7\u00e3o; Pr\u00e1ticas de Ensino e Monitoriza\u00e7\u00e3o e Avalia\u00e7\u00e3o do Ensino e das Aprendizagens)-&nbsp;Muito Bom<br>- III \u2013 Lideran\u00e7a e Gest\u00e3o: (Lideran\u00e7a; Gest\u00e3o e Autoavalia\u00e7\u00e3o e Melhoria) -&nbsp;Muito Bom\n                <\/p>\n                <div class=\"u-border-2 u-border-grey-dark-1 u-line u-line-horizontal u-line-2\"><\/div>\n              <\/div>\n            <\/div>\n            <div class=\"u-container-style u-list-item u-repeater-item\">\n              <div class=\"u-container-layout u-similar-container u-container-layout-3\">\n                <h3 class=\"u-align-center u-custom-item u-text u-text-6\"> 1\u00aa Avalia\u00e7\u00e3o Externa&nbsp; - 2006\/2007<\/h3>\n                <p class=\"u-align-justify u-custom-item u-text u-text-palette-1-base u-text-7\">\n                  <a href=\"http:\/\/infoescolas.medu.pt\/?code=503865&amp;nivel=3\" target=\"_blank\" rel=\"noopener noreferrer\" class=\"u-active-none u-border-none u-btn u-button-style u-hover-none u-none u-text-palette-1-base u-btn-3\"><\/a>Dom\u00ednios-chave avaliados \/ Avalia\u00e7\u00e3o:<br>\n                  <br> - Resultados -&nbsp;Muito Bom<br>- Presta\u00e7\u00e3o do Servi\u00e7o Educativo&nbsp;-&nbsp;Muito Bom<br>- Organiza\u00e7\u00e3o e Gest\u00e3o Escolar&nbsp;-&nbsp;Muito Bom<br>- Lideran\u00e7a&nbsp;-&nbsp;Muito Bom<br>- Capacidade de Autoavalia\u00e7\u00e3o e de Progresso da Escola&nbsp;-&nbsp;Muito Bom\n                <\/p>\n                <div class=\"u-border-2 u-border-grey-dark-1 u-line u-line-horizontal u-line-3\"><\/div>\n              <\/div>\n            <\/div>\n          <\/div>\n        <\/div>\n      <\/div>\n    <\/section>\n    \n    \n    \n    \n  \n","protected":false},"excerpt":{"rendered":"<p>Avalia\u00e7\u00e3o Externa 3\u00aa Avalia\u00e7\u00e3o Externa&nbsp; &#8211; 2023\/2024 Dom\u00ednios&nbsp;do quadro de refer\u00eancia \/ Avalia\u00e7\u00e3o: Autoavalia\u00e7\u00e3o &#8211; EXCELENTELideran\u00e7a e Gest\u00e3o &#8211; EXCELENTEPresta\u00e7\u00e3o do Servi\u00e7o Educativo &#8211; EXCELENTEResultados&nbsp; &#8211; EXCELENTE Relat\u00f3rio: Clique aqui&#8230; 2\u00aa Avalia\u00e7\u00e3o Externa&nbsp; &#8211; 2011\/2012 Dom\u00ednios&nbsp;do quadro de refer\u00eancia \/ Avalia\u00e7\u00e3o: &#8211; I \u2013 Resultados: (Resultados Acad\u00e9micos; Resultados Sociais e Reconhecimento da Comunidade) &#8211;&nbsp;Muito Bom- &hellip; <a href=\"https:\/\/www.quintadaspalmeiras.pt\/portal1\/avaliacao-externa\/\" class=\"more-link\">Continue reading<span class=\"screen-reader-text\"> &#8220;Avalia\u00e7\u00e3o Externa&#8221;<\/span><\/a><\/p>\n","protected":false},"author":1,"featured_media":0,"parent":0,"menu_order":0,"comment_status":"closed","ping_status":"closed","template":"","meta":{"_angie_page":false,"_crdt_document":"","footnotes":""},"class_list":["post-153","page","type-page","status-publish","hentry"],"_links":{"self":[{"href":"https:\/\/www.quintadaspalmeiras.pt\/portal1\/wp-json\/wp\/v2\/pages\/153","targetHints":{"allow":["GET"]}}],"collection":[{"href":"https:\/\/www.quintadaspalmeiras.pt\/portal1\/wp-json\/wp\/v2\/pages"}],"about":[{"href":"https:\/\/www.quintadaspalmeiras.pt\/portal1\/wp-json\/wp\/v2\/types\/page"}],"author":[{"embeddable":true,"href":"https:\/\/www.quintadaspalmeiras.pt\/portal1\/wp-json\/wp\/v2\/users\/1"}],"replies":[{"embeddable":true,"href":"https:\/\/www.quintadaspalmeiras.pt\/portal1\/wp-json\/wp\/v2\/comments?post=153"}],"version-history":[{"count":3,"href":"https:\/\/www.quintadaspalmeiras.pt\/portal1\/wp-json\/wp\/v2\/pages\/153\/revisions"}],"predecessor-version":[{"id":398,"href":"https:\/\/www.quintadaspalmeiras.pt\/portal1\/wp-json\/wp\/v2\/pages\/153\/revisions\/398"}],"wp:attachment":[{"href":"https:\/\/www.quintadaspalmeiras.pt\/portal1\/wp-json\/wp\/v2\/media?parent=153"}],"curies":[{"name":"wp","href":"https:\/\/api.w.org\/{rel}","templated":true}]}}

Avaliação Externa

<section class="u-align-center u-clearfix u-container-align-center u-section-2" id="sec-f487">
      <div class="u-clearfix u-sheet u-sheet-1">
        <h2 class="u-text u-text-default u-text-1">Avaliação Externa</h2>
        <div class="u-expanded-width u-list u-list-1">
          <div class="u-repeater u-repeater-1">
            <div class="u-container-style u-list-item u-repeater-item">
              <div class="u-container-layout u-similar-container u-container-layout-1">
                <h3 class="u-align-center u-custom-item u-text u-text-2">3ª Avaliação Externa&nbsp; - 2023/2024</h3>
                <p class="u-align-justify u-custom-item u-text u-text-palette-1-base u-text-3">
                  <a class="u-active-none u-border-none u-btn u-button-link u-button-style u-file-link u-hover-none u-none u-text-palette-1-base u-btn-1" href="https://www.quintadaspalmeiras.pt/portal1/wp-content/uploads/2024/09/RelatorioAvaliacaoExternadasEscolas20232024.pdf"> Domínios&nbsp;do quadro de referência / Avaliação:<br>
                    <br>Autoavaliação - EXCELENTE<br>Liderança e Gestão - EXCELENTE<br>Prestação do Serviço Educativo - EXCELENTE<br>Resultados&nbsp; - EXCELENTE<br>
                    <br>Relatório: Clique aqui...
                  </a>
                </p>
                <div class="u-border-2 u-border-grey-dark-1 u-line u-line-horizontal u-line-1"></div>
              </div>
            </div>
            <div class="u-container-style u-list-item u-repeater-item">
              <div class="u-container-layout u-similar-container u-container-layout-2">
                <h3 class="u-align-center u-custom-item u-text u-text-4">2ª Avaliação Externa&nbsp; - 2011/2012</h3>
                <p class="u-align-justify u-custom-item u-text u-text-palette-1-base u-text-5">
                  <a href="http://infoescolas.medu.pt/?code=503865&amp;nivel=3" target="_blank" rel="noopener noreferrer" class="u-active-none u-border-none u-btn u-button-style u-hover-none u-none u-text-palette-1-base u-btn-2"></a> Domínios&nbsp;do quadro de referência / Avaliação:<br>
                  <br> - I – Resultados: (Resultados Académicos; Resultados Sociais e Reconhecimento da Comunidade) -&nbsp;Muito Bom<br>- II – Prestação do Serviço Educativo: (Planeamento e articulação; Práticas de Ensino e Monitorização e Avaliação do Ensino e das Aprendizagens)-&nbsp;Muito Bom<br>- III – Liderança e Gestão: (Liderança; Gestão e Autoavaliação e Melhoria) -&nbsp;Muito Bom
                </p>
                <div class="u-border-2 u-border-grey-dark-1 u-line u-line-horizontal u-line-2"></div>
              </div>
            </div>
            <div class="u-container-style u-list-item u-repeater-item">
              <div class="u-container-layout u-similar-container u-container-layout-3">
                <h3 class="u-align-center u-custom-item u-text u-text-6"> 1ª Avaliação Externa&nbsp; - 2006/2007</h3>
                <p class="u-align-justify u-custom-item u-text u-text-palette-1-base u-text-7">
                  <a href="http://infoescolas.medu.pt/?code=503865&amp;nivel=3" target="_blank" rel="noopener noreferrer" class="u-active-none u-border-none u-btn u-button-style u-hover-none u-none u-text-palette-1-base u-btn-3"></a>Domínios-chave avaliados / Avaliação:<br>
                  <br> - Resultados -&nbsp;Muito Bom<br>- Prestação do Serviço Educativo&nbsp;-&nbsp;Muito Bom<br>- Organização e Gestão Escolar&nbsp;-&nbsp;Muito Bom<br>- Liderança&nbsp;-&nbsp;Muito Bom<br>- Capacidade de Autoavaliação e de Progresso da Escola&nbsp;-&nbsp;Muito Bom
                </p>
                <div class="u-border-2 u-border-grey-dark-1 u-line u-line-horizontal u-line-3"></div>
              </div>
            </div>
          </div>
        </div>
      </div>
    </section>

<p>Avaliação Externa 3ª Avaliação Externa&nbsp; &#8211; 2023/2024 Domínios&nbsp;do quadro de referência / Avaliação: Autoavaliação &#8211; EXCELENTELiderança e Gestão &#8211; EXCELENTEPrestação do Serviço Educativo &#8211; EXCELENTEResultados&nbsp; &#8211; EXCELENTE Relatório: Clique aqui&#8230; 2ª Avaliação Externa&nbsp; &#8211; 2011/2012 Domínios&nbsp;do quadro de referência / Avaliação: &#8211; I – Resultados: (Resultados Académicos; Resultados Sociais e Reconhecimento da Comunidade) &#8211;&nbsp;Muito Bom- &hellip; <a href="https://www.quintadaspalmeiras.pt/portal1/avaliacao-externa/" class="more-link">Continue reading<span class="screen-reader-text"> &#8220;Avaliação Externa&#8221;</span></a></p>
